*a, -a + 6 = 5*p. Suppose -a*b + 120 = -0*b. Suppose -570 = -31*j + 670. Calculate the greatest common divisor of b and j.
20
Let k(v) = 3*v - 42. Let c be k(17). Let s = c - 14. Let n be (4/10)/(s/(-50)). Calculate the highest common divisor of 16 and n.
4
Let i(q) be the first derivative of -35*q**2/2 - 35*q - 50. Let b be i(-5). What is the highest common factor of b and 40?
20
Suppose 6 = 5*l - 2*p + 5*p, 5*l + 8 = 4*p. Let d = 19 + l. Calculate the highest common divisor of d and 1.
1
Let g(y) = -y**3 + 16*y**2 + 11*y + 15. Let s be g(13). Calculate the highest common factor of s and 10.
5
Suppose 0 = 7*d + 16 + 40. Let f = 8 + d. Suppose f*s + 32 = 2*s. Calculate the greatest common factor of s and 64.
16
Let j = -7395 + 9435. Calculate the highest common divisor of j and 480.
120
Let s(l) = 3*l**2 + 22*l - 208. Let u be s(6). Calculate the greatest common factor of 3872 and u.
32
Let j(p) = p**2 - 12*p + 3. Let l be j(12). Let h be (4028/20 - -6) + l/5. Calculate the greatest common factor of 48 and h.
16
Let p = 297 + -154. Let o(i) = 2*i**2 + 7*i - 14. Let f be o(4). Suppose -4*y - 2*j + f = 0, j = -0 - 3. Calculate the highest common divisor of p and y.
13
Let u = 179 + 112. Let v = -127 + u. Calculate the greatest common factor of v and 82.
82
Suppose 2*w - 5*z - 8694 = 0, -69*w - 8670 = -71*w + z. What is the greatest common factor of 12 and w?
12
Suppose -570*r + 580*r = 31520. What is the highest common divisor of 3349 and r?
197
Let h = 2783 - 2515. Calculate the highest common factor of h and 4958.
134
Suppose -79 + 859 = 39*x. What is the highest common factor of 116 and x?
4
Suppose 29*d + 24*d = -218*d + 19783. What is the highest common divisor of d and 511?
73
Let z be 1 + 598 - (1 - 1). Let j = z - 423. Suppose 2*c = -2*x + 38, -3*c + x - 34 = -103. What is the highest common divisor of c and j?
22
Suppose -1679 = -69*l + 5773. What is the greatest common factor of 152 and l?
4
Let i(c) = -13*c**3 + 107*c**2 - c + 38. Let q be i(6). What is the greatest common divisor of 24 and q?
4
Suppose 0 = 71*r + 76*r - 43*r - 3432. Suppose 0 = 2*s - 3*c - 22, -s - s = 4*c - 22. What is the highest common divisor of r and s?
11
Let u(j) = 3*j - 33. Let n be u(22). Suppose 673 = n*o - 53. What is the highest common divisor of o and 143?
11
Suppose f + 5*d = -8, 0 = -4*f + 41*d - 39*d - 10. Let n be -13*258/18*f. Calculate the highest common factor of 13 and n.
13
Let t(q) = 29*q**2 - 13*q + 38. Let m be t(4). Let u(v) = -v + 5. Let g be u(-13). Calculate the highest common divisor of g and m.
18
Let b be -1*(-3 + 11)*(-43 + -2). Suppose -35*g = -15*g - b. What is the highest common divisor of g and 36?
18
Let w = 18064 + -15734. What is the greatest common divisor of w and 20?
10
Suppose -16*g + 727198 = -219*g + 2631135. Calculate the greatest common factor of 249 and g.
83
Let t = -11605 - -11632. What is the highest common divisor of t and 2493?
9
Suppose -40 + 14 = 2*w. Let h = -120 + 154. Let y = w + h. What is the greatest common factor of y and 105?
21
Let b(i) = 17*i**2 - 41*i - 21. Let c be b(11). Suppose -3*o = 4*h - 1888, -5*o = -4*h - c - 1519. What is the highest common divisor of 16 and o?
16
Suppose 0 = -16*g + 12*g + 16. Suppose -g*y + 5 = -3*k - 2, 4*y + k - 3 = 0. Let z = 53 + -48. What is the greatest common divisor of y and z?
1
Let g = 6015 - 5879. What is the greatest common factor of g and 248?
8
Suppose t + t = 16. Let p be (-1 + 206)*(6 + 108/(-20)). Let c = p + -103. Calculate the greatest common divisor of c and t.
4
Let u = 7492 + -7266. What is the greatest common divisor of u and 4633?
113
Suppose -n - n + 18 = 3*m, 28 = 4*m + 4*n. Suppose -m*h + 20 = -52. Calculate the greatest common factor of h and 90.
18
Let c(v) = -v**3 - 13*v**2 - 5*v - 27. Let w be c(-12). Let x = 136 + w. What is the greatest common factor of 200 and x?
25
Suppose 4*u + 12*g = 15100, -6 = -4*g - 14. Calculate the greatest common divisor of 19 and u.
19
Suppose y + 23 = -4*v + 4*y, 3*v = 2*y - 17. Let p be 2/v - 1762/(-5). Let r = -4154 + 4186. Calculate the highest common factor of p and r.
32
Let c(t) = -2*t**3 - 31*t**2 + 18*t + 35. Let x be c(-16). Suppose -x*a = 76 - 85. Calculate the greatest common divisor of a and 4.
1
Let j be (-3475)/(-60) - 2/(-24). Suppose -3*f + 51 = 3*m, -5*f = -4*m - 54 - j. Calculate the highest common factor of 5 and f.
5
Let n = 7 - 4. Let k = -21 + n. Let v = 36 + k. What is the greatest common divisor of 54 and v?
18
Let y(o) = 1051*o - 4167. Let g be y(4). What is the highest common divisor of 4736 and g?
37
Let h = 73 + -73. Let b = 3 - 1. Let u be h + b/1 - (0 - 9). Calculate the greatest common factor of u and 88.
11
Let z be (-34840)/(-240) + (-20)/(-24). Calculate the greatest common divisor of z and 949.
73
Suppose 3*d - 5*u = 202, -3*u - 141 = -135. What is the highest common divisor of 768 and d?
64
Suppose 13 = -k + 3*p, 2*p = -0*p + 4. Let o(r) = 10*r + 150. Let y be o(k). What is the highest common divisor of 180 and y?
20
Let i be ((-152)/(-10))/((-118)/(-3540)). What is the highest common factor of 57 and i?
57
Suppose 0 = 3*z + 588 - 1776. Suppose -153*x - 18 = -6750. Calculate the highest common factor of x and z.
44
Let y be ((67518/(-124))/(-99))/(-1 - (-139)/138). Calculate the highest common divisor of y and 15.
3
Suppose -1133 = -15*u + 217. What is the highest common divisor of 495 and u?
45
Suppose -79006*b + 105 + 1045 = -79005*b. What is the highest common divisor of 552 and b?
46
Let s(r) = -34*r**3 - 10*r**2 - 7*r - 8. Suppose 782*u - 784*u - 4 = 0. Let l be s(u). What is the greatest common factor of 68 and l?
34
Let q = 699 - 311. Let x = -380 + q. Suppose -4*r + 0*o - 4*o + 264 = 0, r - 58 = 3*o. Calculate the highest common divisor of x and r.
8
Let c(l) = -10*l**2 + 80*l + 9. Let t be c(8). What is the highest common factor of 4608 and t?
9
Suppose 9*i = 32 + 22. Let t be (-24)/(-16)*(-3)/(i/4). Let g be (50/t)/((-40)/60). Calculate the greatest common factor of g and 275.
25
Let p(x) = x - 23. Let m(i) = -2*i + 44. Let n(h) = -6*m(h) - 11*p(h). Let q be n(15). What is the highest common divisor of 72 and q?
4
Let d be (-6050)/(-286) + -21 + 1298/13. Calculate the greatest common divisor of d and 3200.
100
Let c = 472 + -453. Suppose -4*i = -3*u - c, -i - 3*i + 17 = -u. Calculate the highest common divisor of i and 10.
2
Let y be 3 - -4 - (-3626)/14. Suppose 55*b = 41*b + y. What is the greatest common factor of 19 and b?
19
Let j(z) = z**3 + 12*z**2 + 19*z - 8. Let a be j(-7). Let k(t) = t**3 + 64*t**2 + 127*t + 251. Let w be k(-62). Calculate the highest common divisor of a and w.
13
Suppose 5*x - 5*w - 75 = 0, -66 = -3*x + 2*w - 17. Let q = -78 - -144. Let d = q + 143. What is the greatest common factor of d and x?
19
Suppose a - 356 = -w, 4*w - 1542 = a - 128. Calculate the highest common factor of 767 and w.
59
Let i(y) = 74*y**2 + 98*y - 816. Let x be i(11). What is the greatest common factor of 36 and x?
36
Suppose -2*u = -83 - 17. Let w = -34 + 55. Let k = w - -54. What is the highest common divisor of k and u?
25
Let i = 347 - 254. Calculate the highest common factor of 1457 and i.
31
Let i(t) = 2*t - 1. Let s be i(6). Let p(r) = 24*r - 18. Let v be p(2). Suppose -l - 19 + v = 0. What is the highest common divisor of l and s?
11
Suppose -28*l = -17509 - 39079. What is the highest common factor of l and 129?
43
Let o(l) = 59*l**2 + 32*l - 102. Let c be o(3). What is the highest common divisor of c and 450?
75
Suppose 4*d - n - 1406 = 0, -4*n + 676 = 5*d - 3*d. Suppose o = 2*o - 140. What is the greatest common divisor of o and d?
70
Let c = -3334 + 3344. What is the greatest common divisor of c and 410?
10
Suppose 31*l - 5*l - 780 = 13*l. Calculate the greatest common factor of 7485 and l.
15
Let t(p) = -p**2 + 8*p + 1. Let y be t(8). Let c be (-11 - -4)*-1*y. Let k = -32 - -46. What is the highest common divisor of k and c?
7
Suppose 64*x - 62*x = 576. Let c be ((15/(-20))/1)/((-3)/36). What is the highest common factor of x and c?
9
Let f = -1998 + 2031. What is the highest common factor of f and 759?
33
Suppose 5*h = 5*m + 385, 4*m - 66 = h - 140. Calculate the highest common factor of h and 13182.
78
Let k = 111 - 45. Let i = -44 + k. Calculate th